-49?
-3c
In base 8, what is 7535 - -3?
7540
In base 4, what is 11 - -1210?
1221
In base 14, what is -6ab + 4?
-6a7
In base 6, what is -451 + 4?
-443
In base 16, what is e28 + -3?
e25
In base 9, what is -4 - -83?
78
In base 15, what is -36 - 4?
-3a
In base 7, what is 325 + -4?
321
In base 9, what is -1 + 61?
60
In base 3, what is -2021 - 12?
-2110
In base 8, what is 3 - 0?
3
In base 14, what is 12b - -1?
12c
In base 15, what is -35 + 2e?
-6
In base 6, what is -405 + 1?
-404
In base 10, what is 839 - 2?
837
In base 9, what is 1 + 102?
103
In base 14, what is -1a61b - 3?
-1a620
In base 7, what is 112 - 315?
-203
In base 12, what is 19 - 8?
11
In base 12, what is -2b + -17?
-46
In base 8, what is -4 + -10?
-14
In base 11, what is -4 - -50?
47
In base 6, what is 0 - 1250?
-1250
In base 15, what is 12c1 - -1?
12c2
In base 4, what is 1211 + 1003?
2220
In base 4, what is 12 - -301?
313
In base 12, what is -16 + -21?
-37
In base 2, what is -100 + -1001000101?
-1001001001
In base 2, what is 11001111111 - -10?
11010000001
In base 13, what is -1209 + -4?
-1210
In base 11, what is -519 + 16?
-503
In base 3, what is -1 + -1020222?
-1021000
In base 12, what is 8597 + -5?
8592
In base 8, what is -32206 + 5?
-32201
In base 14, what is -b6c - -4?
-b68
In base 13, what is -52 + 0?
-52
In base 12, what is -24 + 18?
-8
In base 9, what is -876 + -4?
-881
In base 15, what is 3 + -13a?
-137
In base 11, what is -3 + -105?
-108
In base 2, what is 10 - -1011001000?
1011001010
In base 6, what is 25 - 35?
-10
In base 15, what is -34 - 1?
-35
In base 9, what is -8 - 2764?
-2773
In base 14, what is 4 - -26?
2a
In base 6, what is -15 - -1514?
1455
In base 10, what is 225 + 3?
228
In base 4, what is 0 - 1302?
-1302
In base 3, what is 102 - 222020?
-221211
In base 7, what is -116 - -3?
-113
In base 15, what is -1ca - 4a?
-225
In base 7, what is -1333 + -6?
-1342
In base 14, what is 41 - 7?
38
In base 13, what is -4 + -626?
-62a
In base 7, what is 5 - -103?
111
In base 15, what is -19 - 3?
-1c
In base 5, what is -33 - -31?
-2
In base 11, what is 352 + -1?
351
In base 15, what is -77c - -8?
-774
In base 9, what is -3726 - -3?
-3723
In base 11, what is 5 + -2204?
-21aa
In base 8, what is 616 - 5?
611
In base 2, what is -10011 - 11?
-10110
In base 13, what is 34 + -c?
25
In base 11, what is 31 + 3?
34
In base 8, what is -72 + -1?
-73
In base 14, what is -9 + 23?
18
In base 13, what is 3 + -bc?
-b9
In base 5, what is -30 + 101?
21
In base 16, what is -80 + 16?
-6a
In base 9, what is 7 - 14?
-6
In base 7, what is -31 + -256?
-320
In base 7, what is -4 - 66?
-103
In base 6, what is -4 - -221?
213
In base 8, what is -14 + -1566?
-1602
In base 4, what is 1 + 1221?
1222
In base 13, what is -2 + 39?
37
In base 9, what is 11603 + 1?
11604
In base 4, what is -2013230 - -10?
-2013220
In base 11, what is -3 - -8?
5
In base 2, what is -100 + 1100001?
1011101
In base 15, what is -6d5c - -3?
-6d59
In base 8, what is -7 + -227?
-236
In base 7, what is -1056 - -4?
-1052
In base 10, what is -13 - -226?
213
In base 2, what is -111101 - 11?
-1000000
In base 10, what is 2 - 1523?
-1521
In base 5, what is -10 - -232?
222
In base 2, what is 0 - -1011011011011?
1011011011011
In base 13, what is -584 - -1?
-583
In base 8, what is 2 + 71?
73
In base 5, what is 110013 + 10?
110023
In base 14, what is 1 + 2?
3
In base 11, what is 13211 - -3?
13214
In base 4, what is -12201 + 11?
-12130
In base 15, what is 299 + 9?
2a3
In base 14, what is -1b6 + 3?
-1b3
In base 9, what is -34 - 5?
-40
In base 3, what is 0 + 2212001?
2212001
In base 15, what is 4 + 6?
a
In base 9, what is 5 + -26?
-21
In base 4, what is 121 + 121?
302
In base 12, what is -4 - -137?
133
In base 8, what is 120 + 7?
127
In base 15, what is 24 - 12?
12
In base 15, what is -2 - -9?
7
In base 12, what is -106 - 16?
-120
In base 2, what is 10010 + 1001?
11011
In base 5, what is 2 - -130231?
130233
In base 4, what is -31 - -2003?
1312
In base 4, what is 101 - 21?
20
In base 8, what is -2 + 2706?
2704
In base 16, what is -113 - 4?
-117
In base 16, what is 6 + -22a?
-224
In base 16, what is 4 + 2d?
31
In base 8, what is -3 + 3174?
3171
In base 2, what is -110010000001 + -11?
-110010000100
In base 14, what is 7 + -a1c?
-a15
In base 16, what is -3f + -3?
-42
In base 16, what is 13e + -5?
139
In base 15, what is 3 - -53?
56
In base 8, what is -5 - 547?
-554
In base 16, what is 25a + 2?
25c
In base 6, what is 4 + 112153?
112201
In base 16, what is -5 - 41?
-46
In base 9, what is -1883 - -6?
-1876
In base 15, what is -655 - -5?
-650
In base 6, what is 212243 - 2?
212241
In base 12, what is -21 + -9?
-2a
In base 15, what is 1 + 7d?
7e
In base 4, what is 2232023 - 2?
2232021
In base 9, what is 20 + -218?
-188
In base 10, what is 248 + -10?
238
In base 13, what is -2 - 185?
-187
In base 14, what is -26 - 0?
-26
In base 14, what is -b39 - -2?
-b37
In base 3, what is 1 + 110002?
110010
In base 12, what is -a64 - 1?
-a65
In base 2, what is -1011 - -11001111?
11000100
In base 15, what is 10a + -22?
d8
In base 4, what is 11 + -232?
-221
In base 12, what is -84 + 132?
6a
In base 10, what is -808 - -3?
-805
In base 9, what is -3 + 8?
5
In base 14, what is 1225 + 3?
1228
In base 4, what is 32 - 20?
12
In base 4, what is -1110 + -202?
-1312
In base 14, what is 48 + -2?
46
In base 12, what is -5 - -196?
191
In base 10, what is 28 + 1?
29
In base 14, what is 5 + 12d3?
12d8
In base 4, what is 122 - 0?
122
In base 3, what is -1111 - 211?
-2022
In base 6, what is 0 - -242?
242
In base 4, what is 3212 + -3?
3203
In base 13, what is -4 + b4?
b0
In base 3, what is -2101110 + -11?
-2101121
In base 15, what is 5 - c3?
-bd
In base 2, what is 100 - -100011?
100111
In base 7, what is 2 + 561?
563
In base 7, what is -122 - 4?
-126
In base 9, what is -412 - 1?
-413
In base 16, what is 0 + 4a?
4a
In base 10, what is 21 - 11?
10
In base 14, what is 4 + abc?
ac2
In base 8, what is 234 - -3?
237
In base 6, what is 3 - 131?
-124
In base 6, what is -4551 - -1?
-4550
In base 5, what is -32230 - 1?
-32231
In base 13, what is 47 + 0?
47
In base 15, what is 11b65 - -2?
11b67
In base 15, what is -5 - -e6?
e1
In base 10, what is -10 - 8?
-18
In base 7, what is 2 + 5006?
5011
In base 6, what is -12 - 5?
-21
In base 15, what is -3b - -59?
1d
In base 14, what is b1 + -3?
ac
In base 5, what is -10 - -1044?
1034
In base 11, what is -a - -114?
105
In base 8, what is -42 + 60?
16
In base 3, what is -1 + -20202?
-20210
In base 15, what is -bb0c - -3?
-bb09
In base 13, what is 3 + 506?
509
In base 4, what is 22 + -1323?
-1301
In base 6, what is 10041 - -4?
10045
In base 14, what is 1 + -36?
-35
In base 14, what is -12 - -313?
301
In base 16, what is 29b + -4?
297
In base 16, what is -2 + -3?
-5
In base 16, what is 3 + 467?
46a
In base 13, what is -3 + 3?
0
In base 9, what is 1333 - -4?
1337
In base 13, what is 745 + 0?
745
In base 4, what is -2 + 32?
30
In base 15, what is 24 + 0?
24
In base 12, what is -1 - 1929?
-192a
In base 6, what is 10 - 35?
-25
In base 11, what is 87 + 9?
95
In base 5, what is 4 - 322?
-313
In base 4, what is -1233 + 0?
-1233
In base 8, what is 203 + 5?
210
In base 3, what is -100 - -1?
-22
In base 8, what is 0 + -7175?
-7175
In base 8, what is -3 - -171?
166
In base 14, what is 5811 - 3?
580c
In base 14, what is -317 + 2?
-315
In base 4, what is -1 - 100?
-101
In base 15, what is -1 + 6b6?
6b5
In base 4, what is 123332 + -11?
123321
In base 5, what is 0 + 22004?
22004
In base 6, what is -2125 + -10?
-2135
In base 15, what is 0 - -3c8?
3c8
In base 2, what is -110000100000 - 10?
-110000100010
In base 11, what is 5a - -6?
65
In base 3, what is 111021 + 12?
111110
In base 10, what is 3 + 158?
161
In base 10, what is -1681 - -2?
-1679
In base 14, what is a + -1c?
-12
In base 10, what is 614 + 1?
615
In base 2, what is 11011 + 100?
11111
In base 5, what is -1234 - -22?
-1212
In base 14, what is -8 - -1b9?
1b1
In base 15, what is -a - -9?
-1
In base 7, what is 5 - -105?
113
In base 9, what is 0 - -23?
23
In base 7, what is 403 + -36?
334
In base 7, what is 4 - -2014?
2021
In base 14, what is 36 + -9?
2b
In base 13, what is 7 + 5?
c
In base 3, what is 12 + 10022?
10111
In base 6, what is 3 - 1020?
-1013
In base 12, what is 6b44 + 2?
6b46
In base 3, what is -11 - -210200?
210112
In b